5) is divided by r.
2
Suppose -5*o + 362 = 2*c, -4*c + o + 2*o + 724 = 0. Calculate the remainder when (-1)/(-7) + c/7 is divided by 9.
8
What is the remainder when 9*(743/6 + 5/(-6)) is divided by 74?
71
Let n(u) = 3*u**3 - 5*u**2 - 3*u + 10. What is the remainder when 78 is divided by n(2)?
6
Suppose -2*t = 4*r - 69 - 45, -111 = -2*t - 5*r. Calculate the remainder when t is divided by 33.
30
Suppose 2*k - 9 = -5*y, 4*y = k + y - 10. Let x(t) = t**2 - 7*t. Let b be x(k). Calculate the remainder when 36/2 - (-2 + b) is divided by 7.
6
Suppose -4*x - 8 = 0, -5*f - x = -6*x - 40. What is the remainder when 340/30*99/f is divided by 38?
35
Suppose 0 = 2*z + 2*g + 2*g - 14, 5*z + 1 = 2*g. What is the remainder when -1 + 33 - (z + -3) is divided by 5?
4
Suppose 35*b = 64*b - 203. What is the remainder when (1 + 6/(-3))*-83 is divided by b?
6
Suppose -127 = -18*r + 3149. Calculate the remainder when r is divided by 59.
5
Suppose 0*n - 7*n = 112. Let y(a) = -a + 3. Let j be y(7). Let v = j - n. What is the remainder when 46 is divided by v?
10
Let y = 1361 - 1272. What is the remainder when 170 is divided by y?
81
Let a(k) = 5 + 17*k**2 + k - 5*k - 52*k**2 + k. Let l be a(4). What is the remainder when l/(-36) + 2/8 is divided by 6?
4
Suppose -r + 5*r - 104 = -x, 0 = 5*r - 2*x - 117. Calculate the remainder when 128 is divided by r.
3
What is the remainder when 48 is divided by ((-2)/(-3))/((-598)/(-198) - 3)?
15
Suppose -2*s + 56 = -0. Suppose m - 36 = -3*m - 5*c, 3*m + 4*c = s. What is the remainder when (0 + m - -35)/3 is divided by 4?
1
Let u(x) = 3*x**2 - 8*x - 9. Suppose j + 145 = 2*a, 2*a + 2*j - 33 = 109. What is the remainder when a is divided by u(-2)?
15
Let n = 5 + -4. Calculate the remainder when 368/(-32)*(-2)/n is divided by 12.
11
Suppose -143 = -3*o + j + 4*j, 2*j - 136 = -3*o. What is the remainder when o is divided by ((-3332)/35)/(-4) - 2/(-10)?
22
Suppose -j - 2*s + 19 = 0, 0*j + j - 3*s = 29. Let t = 12 - 9. Suppose 0*l = -t*l + 36. Calculate the remainder when j is divided by l.
11
Suppose 0 = -52*r + 10319 - 1063. Calculate the remainder when r is divided by 34.
8
Suppose -33*h + 84 = -21*h. What is the remainder when 12 is divided by h?
5
Let n be ((-3)/2)/((-2)/32). Calculate the remainder when (4/(-4))/((-2)/n) is divided by (-2)/(-7) - (-57)/21.
0
Let m = -89 - -91. Suppose 310 = m*w - 14. Calculate the remainder when w is divided by 42.
36
Let f(b) = b**3 - 26*b**2 + 36*b - 31. What is the remainder when f(25) is divided by 82?
80
Let v(w) = 3*w**3 + w**2 - 3*w + 2. Let q = 68 - 64. Let x(z) = 20*z + 14. Calculate the remainder when x(q) is divided by v(2).
22
Let m(v) = v**3 - 2*v**2 - 10*v + 14. Let s be m(5). Let t = s + -31. Calculate the remainder when 17 is divided by t.
1
Suppose -2*f - 83 = 21. Let r = 27 - f. What is the remainder when r is divided by 20?
19
Let j = -326 - -349. Suppose -884 - 572 = -8*y. Calculate the remainder when y is divided by j.
21
Suppose 21 = -3*d + 4*t, -3 + 27 = -4*d + 4*t. Let i be 57/(-6)*(1 + d). Suppose 2*v - i = 31. Calculate the remainder when v is divided by 7.
4
Calculate the remainder when (3 + (-12)/(-10))/(6/30) is divided by 11.
10
Let z = 2282 - 1023. Calculate the remainder when z is divided by 97.
95
Let c = -78 + 91. Calculate the remainder when 32 is divided by c.
6
Let w(u) = 3*u**2 - 5*u + 11. What is the remainder when w(-6) is divided by 19?
16
Let w = -52 - -475. What is the remainder when w is divided by 25?
23
Let l(n) = -8*n + 6. Let s be l(-5). Let y(a) = s*a - 5 + 5*a**2 - 3*a**3 + 2*a**3 - 37*a. Calculate the remainder when 25 is divided by y(6).
12
Let i = -949 - -963. Calculate the remainder when 102 is divided by i.
4
Let c = 21 - 15. Suppose 34 = a + c. Calculate the remainder when 110 is divided by a.
26
Suppose -41*p = -39*p - 42. Suppose 0 = 4*l - q - 92, -2*l + 4*q + 6 = -26. Suppose 3*c + 0*c = l. Calculate the remainder when p is divided by c.
5
Suppose 280 - 55 = 5*u. Suppose -a + 0*a + 5*m = -13, 2*a + 3*m = 52. Calculate the remainder when u is divided by a.
22
Suppose 2*b + 3*b - 13 = -4*l, 0 = -3*l - 4*b + 10. Suppose 1 - 43 = -l*i. What is the remainder when i is divided by 14?
7
Suppose -4*x = -w - 16, w = -5*x + 4 + 16. Suppose -32 = -2*y - x. Calculate the remainder when 2/(-1)*106/(-4) is divided by y.
11
What is the remainder when (-8 - (-7 + 4)) + 4*22 is divided by 5?
3
Suppose 6*s - 30 = -2*j + 3*s, j + 2*s - 16 = 0. Calculate the remainder when j is divided by 4.
0
Calculate the remainder when 94 is divided by 2585/385 - 4/(-14).
3
Suppose 16 = 2*q + 5*c + 3, 4*q = 3*c + 65. What is the remainder when 275 is divided by q?
9
Suppose 0 = 2*m - 5*k + 6 - 20, 4 = 5*m + 3*k. Let y be -4*(m + 9/(-3)). Suppose y*o = 2*o + 6. Calculate the remainder when o is divided by 3.
0
Let w(h) = 3*h**2 - 96*h - 70. What is the remainder when 204 is divided by w(33)?
1
Let t = -21 + 30. Suppose 0*h = -3*h - t, h - 93 = -2*j. Calculate the remainder when j is divided by 25.
23
What is the remainder when 202 is divided by -5 - 1235/(-40) - 3/(-24)?
20
Let v(f) = -f**2 + 11*f - 26. Let u be v(9). What is the remainder when 64 is divided by ((-2)/(-8) - (-10)/u) + 12?
9
Suppose y + 5*n - 20 = 34, 111 = 3*y - 2*n. Calculate the remainder when 144 is divided by y.
27
Suppose 5*v + 19*k - 17*k - 83 = 0, -59 = -5*v + 4*k. What is the remainder when 24 is divided by v?
9
Let d = -208 - -298. Suppose -3*f = -4*f + 3*i + 10, 5*i - d = -5*f. What is the remainder when 78 is divided by f?
14
Suppose -120 = -3*l + f, 0*l + 2*l - 80 = 4*f. Calculate the remainder when 77 is divided by l.
37
What is the remainder when 3105/12 + (-12)/(-48) is divided by 29?
27
Let g(b) = b**2 + 3*b. Let t be 2/(-3)*60/(-8). Suppose 12*w - 9*w - 33 = 0. Calculate the remainder when g(t) is divided by w.
7
Let l = 42 - 13. What is the remainder when l is divided by 16?
13
Let r be (-2 + -19 - 2)*-1. Let u = 55 - r. Calculate the remainder when 94 is divided by u.
30
Let x(p) = -4*p**2 - 69*p + 40. Calculate the remainder when 797 is divided by x(-17).
56
Calculate the remainder when 10668/(-63)*(-3)/4 is divided by 39.
10
Suppose -94 = -14*b + 12*b + 3*d, -3*b + 148 = -d. Calculate the remainder when 94 is divided by b.
44
Suppose 2*d = 42 + 104. Let m(p) = -p + 39. What is the remainder when d is divided by m(20)?
16
Let f(j) = 16*j**2 - 33*j - 93. What is the remainder when f(-3) is divided by 51?
48
Let h(d) = d**2 - 8*d - 1. Let u(y) = 23*y - 11. Calculate the remainder when u(2) is divided by h(10).
16
Let q(f) = 19*f**3 - 8*f**2 + 9*f - 2. What is the remainder when q(2) is divided by 47?
42
Let g(y) = y**2. Let c(m) = m**3 - 24*m**2 + 18*m - 26. Let k(b) = -c(b) - 5*g(b). Let d = 3 - -4. What is the remainder when k(18) is divided by d?
5
Suppose 20*p = 15*p + 4*g + 134, -140 = -4*p - 5*g. What is the remainder when 296 is divided by p?
26
Suppose 2*o - 445 = -5*j, 0 = j + o - 66 - 23. Calculate the remainder when j is divided by 27.
8
Suppose 0 = 5*k - 227 + 47. Calculate the remainder when 48 is divided by k.
12
Let b(w) = w**3 - w**2 + 25. Let f be 24/60 + (-124)/10. Let i = 19 + f. Calculate the remainder when b(0) is divided by i.
4
What is the remainder when 2/1 - 540/(-10) is divided by 19?
18
Suppose -132 = -8*t + 44. What is the remainder when 61 is divided by t?
17
Let q = 335 - 191. What is the remainder when 2 + q/3 + 0 is divided by (88/10 - 2)/(2/5)?
16
Suppose -n - d + 1 = 0, 2*d = 5*n + 5*d - 7. Suppose 5*y + 39 = 2*w, -34 = -2*w + 2*y + n. What is the remainder when 67 is divided by w?
16
Let g = -590 + 627. What is the remainder when 65 is divided by g?
28
Suppose 0 = 2*p + 6*p + 96. Let b = 29 + p. Calculate the remainder when b is divided by 10.
7
Let s(a) = -3*a**2 + 28*a - 27. What is the remainder when 862 is divided by s(8)?
2
Calculate the remainder when 160 is divided by (-11 - -6)/(20/(-96)).
16
Suppose -5*t = g - 71, -8*t + 4*t - 4*g + 44 = 0. What is the remainder when (44/10 + (-180)/36)/(3/(-135)) is divided by t?
12
Suppose 5*w + 673 = 4*u, -8*w = 3*u - 7*w - 519. What is the remainder when u is divided by ((-5)/3)/(4/(-84))?
32
Calculate the remainder when 307 is divided by ((-3)/2)/(5 - (-3738)/(-744)).
59
Suppose 6*q - 4*q = 5*a - 25, -5*q 